{"id":30,"date":"2012-01-19T11:32:21","date_gmt":"2012-01-19T11:32:21","guid":{"rendered":"https:\/\/paulseabright.com\/?page_id=30"},"modified":"2025-05-03T14:28:40","modified_gmt":"2025-05-03T12:28:40","slug":"contact","status":"publish","type":"page","link":"https:\/\/paulseabright.com\/?page_id=30","title":{"rendered":"Contact"},"content":{"rendered":"\n<p>You can contact me at Paul.Seabright@tse-fr.eu.<\/p>\n\n\n\n<p>Vous pouvez \u00e9galement m&#8217;\u00e9crire en fran\u00e7ais.<\/p>\n\n\n\n<p>Please be patient; I try to reply to all emails received except obvious spam, but sometime it can take a while. Feel free to write again if I have not answered after three weeks. <\/p>\n","protected":false},"excerpt":{"rendered":"<p>You can contact me at Paul.Seabright@tse-fr.eu. Vous pouvez \u00e9galement m&#8217;\u00e9crire en fran\u00e7ais. Please be patient; &hellip;<\/p>\n","protected":false},"author":1,"featured_media":0,"parent":0,"menu_order":0,"comment_status":"open","ping_status":"open","template":"","meta":{"footnotes":""},"class_list":["post-30","page","type-page","status-publish","hentry"],"_links":{"self":[{"href":"https:\/\/paulseabright.com\/index.php?rest_route=\/wp\/v2\/pages\/30","targetHints":{"allow":["GET"]}}],"collection":[{"href":"https:\/\/paulseabright.com\/index.php?rest_route=\/wp\/v2\/pages"}],"about":[{"href":"https:\/\/paulseabright.com\/index.php?rest_route=\/wp\/v2\/types\/page"}],"author":[{"embeddable":true,"href":"https:\/\/paulseabright.com\/index.php?rest_route=\/wp\/v2\/users\/1"}],"replies":[{"embeddable":true,"href":"https:\/\/paulseabright.com\/index.php?rest_route=%2Fwp%2Fv2%2Fcomments&post=30"}],"version-history":[{"count":15,"href":"https:\/\/paulseabright.com\/index.php?rest_route=\/wp\/v2\/pages\/30\/revisions"}],"predecessor-version":[{"id":3171,"href":"https:\/\/paulseabright.com\/index.php?rest_route=\/wp\/v2\/pages\/30\/revisions\/3171"}],"wp:attachment":[{"href":"https:\/\/paulseabright.com\/index.php?rest_route=%2Fwp%2Fv2%2Fmedia&parent=30"}],"curies":[{"name":"wp","href":"https:\/\/api.w.org\/{rel}","templated":true}]}}